4
What is the thousands digit of 3413246?
3
What is the hundreds digit of 205174?
1
What is the hundreds digit of 6217291?
2
What is the thousands digit of 101612?
1
What is the hundreds digit of 17253222?
2
What is the hundred thousands digit of 1260906?
2
What is the tens digit of 339432?
3
What is the ten thousands digit of 734719?
3
What is the thousands digit of 258091?
8
What is the thousands digit of 84424?
4
What is the tens digit of 2723496?
9
What is the hundreds digit of 34489020?
0
What is the tens digit of 69559?
5
What is the ten thousands digit of 17044421?
4
What is the hundred thousands digit of 2593649?
5
What is the ten thousands digit of 713613?
1
What is the hundred thousands digit of 272442?
2
What is the tens digit of 24725567?
6
What is the units digit of 72756?
6
What is the thousands digit of 2352710?
2
What is the tens digit of 8092070?
7
What is the tens digit of 1826253?
5
What is the ten thousands digit of 2382649?
8
What is the units digit of 282667?
7
What is the units digit of 7793781?
1
What is the ten millions digit of 13039225?
1
What is the units digit of 1767782?
2
What is the ten thousands digit of 4138310?
3
What is the hundreds digit of 232853?
8
What is the ten thousands digit of 60233?
6
What is the ten thousands digit of 1212142?
1
What is the thousands digit of 2569361?
9
What is the tens digit of 41214?
1
What is the hundreds digit of 918057?
0
What is the units digit of 24615227?
7
What is the hundreds digit of 7114371?
3
What is the tens digit of 6806266?
6
What is the units digit of 204591?
1
What is the thousands digit of 866386?
6
What is the millions digit of 5119134?
5
What is the units digit of 554693?
3
What is the millions digit of 1011730?
1
What is the tens digit of 232846?
4
What is the thousands digit of 12613922?
3
What is the thousands digit of 253048?
3
What is the thousands digit of 3596747?
6
What is the tens digit of 1741853?
5
What is the ten thousands digit of 1126357?
2
What is the units digit of 2545645?
5
What is the units digit of 718025?
5
What is the tens digit of 215367?
6
What is the thousands digit of 344472?
4
What is the thousands digit of 97624?
7
What is the tens digit of 2096022?
2
What is the hundreds digit of 14022886?
8
What is the hundred thousands digit of 667764?
6
What is the millions digit of 1497236?
1
What is the units digit of 272108?
8
What is the thousands digit of 1637990?
7
What is the ten thousands digit of 255667?
5
What is the hundred thousands digit of 497100?
4
What is the ten thousands digit of 421483?
2
What is the tens digit of 2464144?
4
What is the tens digit of 9440?
4
What is the hundreds digit of 231650?
6
What is the ten thousands digit of 6530017?
3
What is the hundred thousands digit of 407834?
4
What is the hundreds digit of 6989890?
8
What is the ten thousands digit of 183417?
8
What is the tens digit of 23913456?
5
What is the tens digit of 508303?
0
What is the thousands digit of 578591?
8
What is the tens digit of 1212150?
5
What is the hundred thousands digit of 198637?
1
What is the ten thousands digit of 2972710?
7
What is the millions digit of 10307290?
0
What is the thousands digit of 1029054?
9
What is the thousands digit of 3139?
3
What is the thousands digit of 329812?
9
What is the hundred thousands digit of 2881988?
8
What is the thousands digit of 1350839?
0
What is the thousands digit of 298902?
8
What is the tens digit of 7552091?
9
What is the millions digit of 32690660?
2
What is the tens digit of 10868047?
4
What is the hundreds digit of 2783126?
1
What is the thousands digit of 547906?
7
What is the hundreds digit of 218360?
3
What is the hundreds digit of 743662?
6
What is the units digit of 61450?
0
What is the thousands digit of 2478642?
8
What is the hundreds digit of 2982287?
2
What is the tens digit of 3784059?
5
What is the ten thousands digit of 1815453?
1
What is the tens digit of 184179?
7
What is the hundreds digit of 2228154?
1
What is the thousands digit of 230245?
0
What is the hundreds digit of 228855?
8
What is the thousands digit of 8566149?
6
What is the thousands digit of 512340?
2
What is the ten thousands digit of 178634?
7
What is the hundreds digit of 189141?
1
What is the tens digit of 5014860?
6
What is the hundreds digit of 37321704?
7
What is the tens digit of 66034?
3
What is the hundreds digit of 709843?
8
What is the thousands digit of 385631?
5
What is the tens digit of 150979?
7
What is the thousands digit of 5983045?
3
What is the thousands digit of 1504204?
4
What is the thousands digit of 231073?
1
What is the ten thousands digit of 115812?
1
What is the ten thousands digit of 1621419?
2
What is the hundreds digit of 15827400?
4
What is the hundreds digit of 1636532?
5
What is the tens digit of 13622651?
5
What is the thousands digit of 58189?
8
What is the hundred thousands digit of 1922188?
9
What is the ten thousands digit of 763155?
6
What is the millions digit of 8235298?
8
What is the hundreds digit of 8959594?
5
What is the tens digit of 73318?
1
What is the thousands digit of 1052704?
2
What is the hundred thousands digit of 3398317?
3
What is the ten thousands digit of 9841043?
4
What is the millions digit of 6549488?
6
What is the thousands digit of 1552459?
2
What is the ten thousands digit of 648125?
4
What is the units digit of 3954914?
4
What is the ten thousands digit of 1127011?
2
What is the hundreds digit of 6472252?
2
What is the millions digit of 4645770?
4
What is the hundred thousands digit of 9445335?
4
What is the tens digit of 893011?
1
What is the thousands digit of 33010?
3
What is the hundred thousands digit of 139832?
1
What is the hundred thousands digit of 1161713?
1
What is the thousands digit of 76832?
6
What is the ten thousands digit of 17775572?
7
What is the hundred thousands digit of 347994?
3
What is the tens digit of 248507?
0
What is the thousands digit of 102733?
2
What is the tens digit of 30201269?
6
What is the hundred thousands digit of 4650348?
6
What is the hundred thousands digit of 25801321?
8
What is the ten millions digit of 40259720?
4
What is the tens digit of 1154830?
3
What is the hundreds digit of 259?
2
What is the units digit of 11445763?
3
What is the units digit of 3340322?
2
What is the thousands digit of 380888?
0
What is the units digit of 561080?
0
What is the tens digit of 771500?
0
What is the thousands digit of 1709750?
9
What is the ten thousands digit of 6065092?
6
What is the hundreds digit of 267570?
5
What is the hundreds digit of 124604?
6
What is the hundreds digit of 2033567?
5
What is the millions digit of 1538010?
1
What is the thousands digit of 20513?
0
What is the thousands digit of 455706?
5
What is the ten thousands digit of 2014074?
1
What is the ten thousands digit of 18131658?
3
What is the units digit of 277803?
3
What is the tens digit of 429857?
5
What is the thousands digit of 213771?
3
What is the hundreds digit of 1002856?
8
What is the tens digit of 2014697?
9
What is the tens digit of 2371331?
3
What is the hundreds digit of 310511?
5
What is the units digit of 8280683?
3
What is the millions digit of 7490621?
7
What is the tens digit of 2856879?
7
What is the thousands digit of 4622644?
2
What is the tens digit of 811244?
4
What is the hundreds digit of 8568390?
3
What is the ten thousands digit of 7569342?
6
What is the thousands digit of 22655093?
5
What is the ten millions digit of 22547722?
2
What is the tens digit of 16821552?
5
What is the millions digit of 6720900?
6
What is the units digit of 362907?
7
What is the units digit of 443194?
4
What is the units digit of 1946372?
2
What is the hundreds digit of 1175556?
5
What is the hundred thousands digit of 309192?
3
What is the hundreds digit of 10029196?
1
What is the thousands digit of 161781?
1
What is the hundreds digit of 573747?
7
What is the hundred thousands digit of 3501427?
5
What is the hundreds digit of 25324061?
0
What is the ten thousands digit of 6361309?
6
What is the units digit of 1805061?
1
What is the ten thousands digit of 5553494?
5
What is the ten thousands digit of 294135?
9
What is the units digit of 129403?
3
What is the hundreds digit of 197078?
0
What is the units digit of 29860886?
6
What is th